 the highest common factor of 32 and l.
8
Suppose 699392 = 386*h - 6316158. What is the greatest common divisor of 25 and h?
25
Suppose -4*b = 3*w - 1860, 2*w + 3*w - 944 = -2*b. Let c be 374/187 - (-40)/6*6. Calculate the greatest common divisor of c and b.
42
Let m be -8 + (489 - (10 - 1)). What is the greatest common factor of 767 and m?
59
Let b(d) = -653*d - 4872. Let p be b(-8). Let s = -23 - -34. What is the greatest common divisor of p and s?
11
Suppose -10*j - 6636 = -31*j. Let w = j - 206. Calculate the greatest common factor of 40 and w.
10
Let n be (1*(-102)/(-4) - (13 - 7))*2. Calculate the greatest common divisor of n and 377.
13
Suppose 4930 - 5026 = -16*h. What is the highest common factor of 1648 and h?
2
Suppose 0 = 4*s + 28, -991*z = -990*z + 5*s - 4419. What is the greatest common divisor of z and 136?
34
Let c = -4052 + 4493. Calculate the highest common divisor of c and 45.
9
Let q = 24 + -19. Let n(i) = 8*i**2 + i. Let z be n(-1). Let t = z - q. What is the highest common factor of 2 and t?
2
Let m = -75 - -79. Suppose -y + 1 = 2*y - n, 4*n = 3*y - m. Suppose 4*q - 47 = q + 5*i, i + 1 = y. What is the highest common divisor of q and 56?
14
Let n(u) = 2*u**2 - 9*u + 7. Let i be n(4). Let b(t) = -t - 7. Let w be b(-5). Let f be (w/4)/((-5)/210). What is the highest common factor of f and i?
3
Let w = 3 - -11. Let a(j) = -523*j + 3710. Let z be a(7). Calculate the highest common divisor of z and w.
7
Let i = -39 - -101. Let u = i - 42. Let x be 32/u*30/4. Calculate the greatest common divisor of 42 and x.
6
Let s(q) = -15*q + 1269. Let p be s(-53). Calculate the highest common divisor of p and 86.
86
Suppose -4*n - 72 = -30*f + 27*f, -4*n + 88 = 2*f. What is the highest common factor of 352 and f?
32
Suppose -30*x - 42*x = -14*x - 1102. Suppose -4*y + i = -308, 2*i + 388 = 4*y + y. What is the highest common divisor of x and y?
19
Let m be (-1)/1 + 31 + 2. Let f = 740 - 734. Let n be (-9)/(-3*f/12) + -4. Calculate the highest common divisor of n and m.
2
Let b = 11 + 13. Suppose 5*u - 111 = 254. Let n = u - 49. Calculate the highest common divisor of b and n.
24
Suppose -34*f + 43*f - 199548 = -60*f. What is the highest common divisor of f and 48?
12
Let v = 62 + -47. Suppose -5*l = -v*l + 360. What is the greatest common factor of 4 and l?
4
Let r = -2648 + 2743. Calculate the highest common factor of 1520 and r.
95
Suppose 3*h - 3*j - 18 = 0, -4*h + 0*j + j = -15. Suppose 21 = -5*b + 86. Suppose -4*p = -h*p - b. What is the highest common factor of 13 and p?
13
Let j be (12/10)/(6*(-2)/40). Let q be (2/2)/(j*(-6)/(-1152)). Let v be (1504/q)/(4/(-18)). What is the greatest common divisor of v and 94?
47
Suppose -3*d = -5*w - 133, 3*d + w = -4*w + 173. Suppose 0 = -2*q + 122 + 66. Let x = q + d. What is the greatest common divisor of x and 29?
29
Let h = -85 + 257. What is the highest common divisor of h and 645?
43
Let h be 0 - (-75)/85*77 - 300/(-5100). Let u be (-2)/(-4) + 3671/2. Calculate the greatest common factor of u and h.
68
Suppose 42*n = 58*n - 208. Let o be ((-3)/(-2))/((-15)/(-80)). Let q be 314/o + 2/(-8). What is the greatest common divisor of q and n?
13
Let u be -17 + 11 - (4 + (-630)/7). What is the highest common factor of u and 464?
16
Let h be 13*((-110)/(-2))/(-5). Let j = 266 + h. What is the highest common factor of 82 and j?
41
Let z(k) be the third derivative of k**4/24 + 10*k**3/3 + 44*k**2. Let t be z(-11). Let d = 17 + t. Calculate the highest common factor of 182 and d.
26
Let c(n) = 446*n**2 - 16*n - 93. Let b be c(-6). Calculate the greatest common factor of b and 303.
303
Let j = 301 + -193. Let x(o) = 3*o**2 - 24*o - 54. Let c be x(18). Calculate the highest common factor of j and c.
54
Let w be 6/(-10) - (21/9 + (-4919)/15). Suppose 2*m - 83 = 17. Calculate the greatest common factor of w and m.
25
Let t(l) = -l**3 + 100*l**2 + 416*l + 187. Let b be t(104). What is the highest common divisor of b and 891?
11
Suppose f = -0*f + 144. Suppose 48*b + f = 66*b. What is the greatest common factor of 20 and b?
4
Let u be (1 - (4 + -4))*3633. What is the greatest common factor of 14 and u?
7
Suppose -6175 = 145*r - 158*r. Suppose -r + 40 = -l. Calculate the highest common factor of 15 and l.
15
Suppose -b - 1 + 2 = 0. Let d be 5 + ((-12 - -1) + 12)/(-1 - 0). What is the greatest common divisor of d and b?
1
Let s = -356 + 489. Let z be 245/6 + (-4 - s/(-42)). What is the greatest common divisor of 30 and z?
10
Suppose 44 = 21*v - 10*v. Suppose -v*c - 4*x - 24 = -5*c, -4*c + 4*x = -84. What is the greatest common factor of 20 and c?
20
Let f(i) = i**3 + 7*i**2 - i + 45. Let u be f(-7). Calculate the greatest common factor of 1742 and u.
26
Suppose 3*r = 2*r - s - 4, 2*r + 9 = -s. Let v(w) = -5*w - 23. Let m be v(r). Let c be m*33/3 + -5 + 8. Calculate the highest common divisor of c and 5.
5
Suppose 126*b + 912 = -127*b + 265*b. Calculate the greatest common factor of 3268 and b.
76
Let f = -2835 - -3603. What is the highest common divisor of 144 and f?
48
Suppose -88 = -3*n + 2*a, -5*n + 4*a = 8*a - 154. Calculate the highest common divisor of 1785 and n.
15
Suppose 4*s + 445 = 3*r, 0 = 82*r - 77*r + 4*s - 795. Suppose -3*n = -4*n + 5. Calculate the highest common factor of r and n.
5
Let z(d) = -2*d**2 + 89*d + 67. Let c be z(45). Let t = 478 + -256. Suppose -2*j - 2 = -t. Calculate the greatest common factor of j and c.
22
Suppose -g + 548 = 4*o + 43, 0 = -3*o - 2*g + 370. What is the highest common factor of o and 64?
64
Let q(w) = -w**2 - w - 1. Let v(b) = 8*b**2 + 37*b + 26. Let a(j) = 4*q(j) + v(j). Let c be a(-11). What is the greatest common divisor of 33 and c?
11
Let k = 8772 + -8670. What is the highest common divisor of k and 2499?
51
Suppose 10*w = 8*w - 4*u + 110, 4*w = 4*u + 172. Let m be (-10*1)/((-2)/w). What is the highest common factor of m and 47?
47
Let o(p) = -478*p + 4580. Let b be o(8). What is the greatest common divisor of 24 and b?
12
Let d(b) = -b**3 - 8*b**2 + 12*b + 7. Let y be d(-10). Let m = y + 185. Calculate the highest common divisor of 17 and m.
17
Suppose -9*q = -1854 + 702. Calculate the greatest common factor of q and 1712.
16
Let q(b) = 3*b + 4*b**2 - 6*b**2 + 2*b**2 - 2*b**2. Let z be q(0). Suppose z = u - 7 + 5. Calculate the highest common factor of 8 and u.
2
Let k be (-118)/767 - (-286966)/26. Suppose 25*m + 887 = k. Calculate the highest common divisor of 58 and m.
58
Let d be 6/36*-8*-3636. Calculate the greatest common factor of 96 and d.
48
Let w(v) = 20*v**3 + 4*v**2 + 7*v + 3. Let p be w(-2). Let r = -91 - p. Suppose 0 = -4*x + 44 + r. Calculate the greatest common divisor of x and 297.
27
Let p be 117 - (-1 + -12) - 13. What is the highest common divisor of p and 90?
9
Suppose -8*r = -1 - 127. Suppose -a = 4*i - r, -5*i - 3*a + 2 = -18. Let w be (-2 + 2)/1 - -52. What is the highest common factor of i and w?
4
Suppose -16*b = 14*b + 29*b - 4543. Let v be 102/14 + 2/(-7). Calculate the greatest common divisor of v and b.
7
Let c(n) = -77*n - 3112. Let j be c(-41). Calculate the greatest common divisor of 144 and j.
9
Let s(g) = g**3 + 28*g**2 + 92*g + 5. Let i be s(-4). What is the highest common factor of i and 707?
7
Let f = 17 - 0. Suppose 6*l - 45 = 21. Let x = f - l. Calculate the greatest common divisor of 18 and x.
6
Suppose -2312 - 1125 - 3155 = -206*b. Calculate the greatest common factor of b and 1664.
32
Let r(f) = f**2 + 30*f + 139. Let x be r(-25). Let m(w) = 20*w**3 + 2*w - 1. Let o be m(1). Calculate the greatest common factor of o and x.
7
Let x(o) = -2*o**2 + 68*o + 67. Let l be x(22). Calculate the greatest common factor of 665 and l.
35
Let w = -15071 + 26201. What is the greatest common factor of 10 and w?
10
Suppose g + 12 = 40. Let x = -2757 + 2792. Calculate the greatest common divisor of g and x.
7
Let z(k) = k**2 + 3*k - 8. Let i be z(-6). Let x be (-12)/(-15)*i*(-3)/(-12). Calculate the highest common divisor of 2 and x.
2
Let n = -22550 + 22793. What is the greatest common divisor of 729 and n?
243
Suppose -87 + 13 = -2*l. Let b = -21 + l. Let w(z) = -2*z**3 - 6*z**2 - 9*z - 19. Let p be w(-3). Calculate the greatest common factor of b and p.
8
Suppose -2*c = -4*r + 6664, 10*c - 8*c - c = 0. What is the highest com